number?
False
Is 778332959 a prime number?
True
Is 43446983 a prime number?
True
Is 42109906211 a prime number?
False
Is 3028487573 a composite number?
True
Is 730632751 a composite number?
True
Is 4862686991 composite?
True
Is 11871731345 a prime number?
False
Is 6390659999 prime?
True
Is 176029379 composite?
False
Is 80263751 composite?
False
Is 2580335809 prime?
False
Is 95611447933 a prime number?
True
Is 8749509521 composite?
True
Is 55040411 prime?
True
Is 12842242031 prime?
True
Is 1818340301 composite?
False
Is 51455050549 a composite number?
True
Is 2027652119 a composite number?
True
Is 2198261291 a prime number?
False
Is 28703252167 a prime number?
False
Is 957103799 a composite number?
False
Is 4882373827 a prime number?
True
Is 9711122441 prime?
False
Is 1472242463 a prime number?
False
Is 149746764031 a composite number?
True
Is 9184661861 a prime number?
False
Is 1517821241 prime?
True
Is 680778169 a composite number?
True
Is 730793639 prime?
False
Is 100974173 a composite number?
False
Is 262237387 a composite number?
True
Is 3459068849 prime?
False
Is 282988193 composite?
True
Is 267353 a composite number?
False
Is 22254119221 a prime number?
False
Is 44375372549 composite?
True
Is 20544532279 a composite number?
True
Is 47875403951 composite?
False
Is 2553104453 composite?
True
Is 11431984573 composite?
False
Is 1374779699 a prime number?
False
Is 3921268543 prime?
False
Is 32545398947 prime?
False
Is 3250695943 a prime number?
False
Is 13920952987 prime?
True
Is 12245233543 a prime number?
True
Is 129617407 a composite number?
False
Is 303110981 a prime number?
True
Is 199339879 a composite number?
False
Is 3277791173 a composite number?
False
Is 841898053 a prime number?
True
Is 1537814329 a composite number?
False
Is 424433341 composite?
False
Is 121416746989 a prime number?
True
Is 141405893 a prime number?
True
Is 6649247741 a composite number?
False
Is 573632758837 composite?
True
Is 51005833 composite?
True
Is 5604035209 composite?
False
Is 9404757149 a composite number?
True
Is 276700560179 a prime number?
True
Is 3592891721 a prime number?
True
Is 9966722695 a composite number?
True
Is 98002678513 composite?
False
Is 44136417341 prime?
False
Is 2422948646 composite?
True
Is 122461635749 a composite number?
False
Is 1481399317 composite?
True
Is 15411031 composite?
False
Is 1745285929 prime?
True
Is 1471300427 composite?
True
Is 37018087 composite?
True
Is 8321952741 prime?
False
Is 44582300494 a composite number?
True
Is 28016299261 prime?
False
Is 3861340621 prime?
False
Is 16271231387 a prime number?
False
Is 8021961179 a composite number?
True
Is 6163198163 prime?
False
Is 67984537 a prime number?
False
Is 1314368233 prime?
False
Is 88548311 a prime number?
True
Is 25491013217 prime?
True
Is 6134790269 a composite number?
False
Is 7536264157 prime?
False
Is 139696784489 a composite number?
False
Is 1908886339 a composite number?
True
Is 161812070341 composite?
True
Is 1901939087 a composite number?
False
Is 48620746267 a prime number?
False
Is 1181305529 composite?
True
Is 104764171 a prime number?
False
Is 114044578 prime?
False
Is 16571738713 composite?
False
Is 33202839893 a prime number?
False
Is 1408693927 composite?
False
Is 255401032853 composite?
False
Is 11302114007 a composite number?
False
Is 460591739 a composite number?
False
Is 3934181921 a prime number?
False
Is 530372779 a composite number?
True
Is 515012861 composite?
True
Is 14952601 a prime number?
False
Is 9786151 prime?
True
Is 1435059133 a composite number?
False
Is 2136389447 composite?
False
Is 1315519861 prime?
False
Is 102223098231 a composite number?
True
Is 2986847051 composite?
False
Is 17871101837 composite?
True
Is 846059783 a prime number?
True
Is 337847977 prime?
True
Is 186671549957 a prime number?
True
Is 33805813043 composite?
False
Is 26494981 a composite number?
True
Is 11837859477 a prime number?
False
Is 6557197897 composite?
False
Is 14558099197 a prime number?
True
Is 24050911 a composite number?
True
Is 1861952347 a prime number?
True
Is 21908807933 prime?
True
Is 353797351 prime?
False
Is 34939689307 a prime number?
True
Is 2082714671 a composite number?
False
Is 2587985399 a prime number?
True
Is 204622259 a prime number?
True
Is 931585799 composite?
False
Is 959509901 a prime number?
False
Is 12316656853 a composite number?
False
Is 1191367167 composite?
True
Is 6227159557 a prime number?
True
Is 643134251 a prime number?
True
Is 1561286071 composite?
False
Is 10035640963 a composite number?
True
Is 3015842 a prime number?
False
Is 10659778009 a composite number?
True
Is 8918355607 prime?
False
Is 1700222259 a prime number?
False
Is 3482853449 a prime number?
True
Is 9492924013 a prime number?
True
Is 32790931 a composite number?
False
Is 109014356377 a composite number?
True
Is 583477229 prime?
True
Is 285556379 a composite number?
False
Is 13328397097 a composite number?
False
Is 59604851 prime?
False
Is 2429955343 composite?
False
Is 5748780491 a composite number?
True
Is 436800913 prime?
True
Is 1622159867 composite?
False
Is 48470708569 composite?
False
Is 19418364139 prime?
True
Is 29977139509 a composite number?
False
Is 2467754923 a composite number?
True
Is 58004321827 a prime number?
False
Is 217864439 composite?
True
Is 5761115291 composite?
False
Is 11200247833 prime?
True
Is 2944531859 a composite number?
True
Is 26784294809 composite?
True
Is 2746678127 a prime number?
True
Is 2022764399 a prime number?
False
Is 399900541 a prime number?
True
Is 22476008391 a prime number?
False
Is 23002090931 prime?
True
Is 1122095791 composite?
False
Is 6553752683 a prime number?
False
Is 47186429897 a composite number?
True
Is 71213739515 prime?
False
Is 10527328979 composite?
True
Is 2235935255 composite?
True
Is 8507033429 composite?
False
Is 502815367 a composite number?
False
Is 521068147 a prime number?
True
Is 4572537191 prime?
False
Is 3991019761 prime?
True
Is 7949142137 a prime number?
True
Is 321792661 a prime number?
False
Is 4677033763 prime?
True
Is 1466406863 a composite number?
False
Is 8679039623 prime?
False
Is 160770369209 prime?
False
Is 138379349 prime?
False
Is 17727778631 composite?
True
Is 4640177389 prime?
False
Is 3221610505 prime?
False
Is 1064876653 composite?
True
Is 15068536981 composite?
False
Is 16793897 a composite number?
False
Is 22571201249 composite?
False
Is 86884980929 a composite number?
True
Is 544362334 a prime number?
False
Is 3027172883 a composite number?
True
Is 97613520419 prime?
False
Is 4094565091 a composite number?
False
Is 587062661 prime?
True
Is 20188167179 a prime number?
False
Is 18491302079 prime?
True
Is 2987880439 a prime number?
True
Is 17288873743 prime?
False
Is 104899973 prime?
False
Is 181643621 prime?
True
Is 315881341 composite?
True
Is 40610748081 a prime number?
False
Is 1668013715 a composite number?
True
Is 2218033661 prime?
False
Is 934582277 a prime number?
False
Is 7943455961 prime?
False
Is 1586775431 a prime number?
True
Is 27759571741 a prime number?
False
Is 2291871 prime?
False
Is 29425681795 a composite number?
True
Is 699238333 a composite number?
False
Is 100862351 prime?
True
Is 4295101169 a composite number?
False
Is 216007226 composite?
True
Is 688118657 a composite number?
True
Is 2891460743 prime?
False
Is 10807013 a prime number?
False
Is 41446619681 composite?
False
Is 160371731 a composite number?
True
Is 489714851 a composite number?
True
Is 3370372193 a composite number?
False
Is 6714959401 a composite number?
False
Is 1580208403 composite?
False
Is 139077746339 a composite number?
True
Is 39944595703 a composite number?
False
Is 92185276471 prime?
True
Is 4770331795 a composite number?
True
Is 12560551 a composite number?
True
Is 1252596811 prime?
True
Is 1030420291 prime?
True
Is 960266999 a composite number?
False
Is 451233953 prime?
True
Is 79538819 a composite number?
False
Is 377159581 prime?
True
Is 24824161771 a composite number?
True
Is 636835681 composite?
False
Is 62632105373 a composite number?
False
Is 4171207669 a prime number?
False
Is 425897183 a prime number?
True
Is 19373426651 prime?
False
Is 58453737031 a composite number?
True
Is 1813344649 a composite number?
False
Is 374466089 a composite number?
True
I